(-120)/(-84))/(d/7). Calculate the greatest common factor of o and 10.
10
Suppose 4*i - 6 = i. Let c be i/5*(166 + -11). Suppose -c = -5*u + 258. What is the greatest common divisor of 8 and u?
8
Let v be -9 + -13 + (2524 - 8). Calculate the highest common divisor of 58 and v.
58
Suppose -133*q + 25 = -128*q. Suppose -2*k = -5*y + 4230, -4*y + q*k - 10*k = -3384. Calculate the greatest common factor of 18 and y.
18
Suppose 6334*o - 4420 = 6249*o. Calculate the greatest common factor of o and 420.
4
Suppose -4*a + 45566 = 7*p, -2*a + 5*a - 3*p = 34125. What is the greatest common factor of a and 38?
19
Suppose l + 4 = 4*l + 4*m, 4*m = -20. Suppose 0 = -11*b - 625 + 1799 + 762. What is the greatest common divisor of b and l?
8
Let g be (20/3)/((-1195)/(-2151)). Suppose 20 = 4*a + a. Calculate the highest common factor of a and g.
4
Let s be (-10)/(-50)*0 + (160 - -2). What is the highest common divisor of 459 and s?
27
Let b(x) = -6*x + 68. Let k be b(6). Let q be (k + -40)*(-15)/8. Let d(c) = 13*c**2 + 5*c + 3. Let s be d(-3). What is the greatest common divisor of s and q?
15
Let k be 55*(-11)/(-55)*1. Calculate the greatest common divisor of 176 and k.
11
Suppose 2*n - 10*x - 585 = -15*x, -2*n + 2*x = -606. What is the highest common divisor of n and 420?
60
Suppose -r + c + 11600 = 2*c, 3*r = 3*c + 34836. Calculate the highest common divisor of 14 and r.
14
Let h = -22 + 16. Let n be (-2)/h*(5 - 8). Let i be 36/12 - n/(-1). Calculate the greatest common divisor of i and 16.
2
Let b = -8221 + 11974. What is the highest common factor of b and 27?
27
Suppose -2*p + 8 = -3*w - 159, -5*p = w - 460. Suppose 15*s = 406 - p. What is the greatest common divisor of 28 and s?
7
Suppose 5*q + 17 = 2*b + 57, 4*q = -4*b + 32. Suppose 423*m + 9966 - 10812 = 0. Calculate the greatest common divisor of m and q.
2
Let q = 12766 - 11338. Calculate the greatest common divisor of 612 and q.
204
Let a be ((2/1 + 0)/(-4))/(54/(-33264)). What is the highest common factor of 1036 and a?
28
Let j(v) = 17*v**2 + 7. Let t be j(-5). Suppose 3*z = y + 68, -2 = -61*z + 57*z - 5*y. What is the highest common divisor of t and z?
18
Let j(i) = 71*i**2 + 48*i - 132. Let c be j(3). Suppose 5*a + 531 = c. Calculate the greatest common divisor of 600 and a.
24
Let r(y) = -4*y**3 - 39*y**2 - 46*y - 14. Let d be r(-9). What is the greatest common factor of d and 9891?
157
Let n(o) = -933*o - 72543. Let q be n(-78). Suppose 5*g + 2 = 2*x + 51, 2*x + 38 = 4*g. What is the greatest common divisor of q and g?
11
Suppose -5*w - 4*q = -q + 1273, -q + 1269 = -5*w. Let g = w - -284. Suppose -v + 24 = v. What is the greatest common divisor of v and g?
6
Let b = 218 + -62. What is the greatest common divisor of b and 24?
12
Suppose -2*t = 14*t - 32. Suppose -5*d + 5*x = -360, -2*d - t*x = -x - 132. Calculate the greatest common divisor of 85 and d.
17
Suppose -11 + 43 = 2*x. Let m be (-1285)/(-15) - (-126)/54. Calculate the highest common factor of m and x.
8
Let j = -25570 - -25669. Calculate the highest common divisor of j and 22.
11
Suppose -2*q + 3*a - 1 = 6, -5*q = 2*a - 30. Let g(z) = 2*z**2 - 9*z - 3. Let i = 15 - 8. Let m be g(i). What is the highest common factor of m and q?
4
Suppose -5*a + 132 = -28. Suppose 17*k - a = -15. Calculate the greatest common divisor of 14 and k.
1
Let s(f) = -f + 8. Suppose 179 = -9*d + 8. Let a be s(d). Suppose -4*k + 11 = -1. Calculate the greatest common divisor of a and k.
3
Let l(o) = -4*o + 40. Let k be l(9). Let m be (-5)/(-3) + (-2)/3. Let v(r) = 2*r**2 - r + 1. Let z be v(m). What is the greatest common divisor of k and z?
2
Let q be (-83)/((-4)/4)*15/3. Calculate the highest common divisor of q and 5.
5
Suppose 0 = 18*q - 84*q + 352242. What is the greatest common factor of q and 9?
9
Suppose 53*t - 555093 = -32*t + 4*t. What is the highest common factor of t and 89?
89
Let y(z) = 85*z + 1312. Let o be y(9). What is the greatest common factor of 124 and o?
31
Suppose 3*r = 5*p + 132 - 10, 0 = 5*r + 5*p - 150. Calculate the greatest common factor of 3332 and r.
34
Let p(j) = j**2 - 8*j + 1. Let m be p(8). Suppose 6*g - 20 = -4*g. Suppose -4*z - 2*s = -12, 2*s + 8 = -g*s. Calculate the highest common factor of z and m.
1
Let k(w) = w**2 - 29*w - 279. Let t be k(-8). Let r be (3*103)/3 + -1. What is the greatest common factor of t and r?
17
Let j(z) = 10*z**2 + 99*z - 6. Let u be j(-10). Suppose 0 = 5*o - 5*m - 0*m - 695, -m - 571 = -u*o. What is the highest common divisor of o and 360?
72
Suppose 77*w - 70*w - 238343 = 0. Suppose -71*r + w = 7069. What is the greatest common factor of 152 and r?
76
Let s(j) = j**2 + 8*j + 4. Let z be s(-4). Let x = -22 - z. Let t be 27/(1 + (-5)/x). Calculate the highest common divisor of t and 6.
6
Suppose 1256 - 17604 - 2300 = -7*f. Calculate the greatest common divisor of 144 and f.
72
Let n(p) = -21*p - 7. Suppose 4*r - 5*w - 73 - 16 = 0, r - 6 = -2*w. Suppose -r + 2 = 7*l. Let c be n(l). Calculate the highest common divisor of 35 and c.
35
Suppose 0 = 16*g + g - 5015. What is the greatest common factor of 15 and g?
5
Suppose 6*i - 9 = 9*i. Let j be (-49*(-3)/i)/(5 + -6). Let g = j - 43. What is the highest common divisor of g and 6?
6
Let x = 10593 - 10575. Calculate the highest common factor of 358 and x.
2
Suppose -133*c + 49553 = -10962. What is the greatest common factor of 260 and c?
65
Suppose 2*k = 10, 0 = -w - 5*k - 40 + 83. Calculate the greatest common factor of 6894 and w.
18
Suppose -2*m + 16 = 2*h + 2*h, 4*m - 32 = 5*h. Suppose -5*d - 46*n = -42*n - 512, 2*n = -2*d + 204. What is the highest common divisor of m and d?
8
Let a = 5070 - 4727. What is the highest common divisor of 245 and a?
49
Suppose 70*c - 396*c + 17930 = 0. What is the highest common divisor of 14850 and c?
55
Suppose g + 5*p + 2968 - 9906 = 0, -2*p + 12 = 0. What is the greatest common factor of 220 and g?
44
Suppose -127200 = -372*w + 324*w. Calculate the highest common divisor of 954 and w.
106
Suppose 9*u - 718 = 2360. Suppose 4*b = 3*b + 5*q + 51, 4*q - u = -5*b. Let i = -82 + 181. Calculate the greatest common factor of b and i.
33
Let k(c) = 104*c - 188. Let z be k(17). Let t = -1121 + z. Calculate the greatest common divisor of t and 17.
17
Suppose -3*y = -5*a + 24, 18766*y - 18 = 18769*y - 4*a. Suppose -4*u + 100 = 4*x, -2*x + 48 = 4*u - 46. Calculate the greatest common divisor of u and y.
2
Let o(k) = -2*k**2 - k**3 + 2*k + 195 + 0*k - 219. Let b be o(-5). Calculate the highest common divisor of 369 and b.
41
Suppose 63 + 51 = 3*n. Let h = n + 27. Calculate the greatest common factor of h and 26.
13
Let d be (-6528)/2040*(4*-4 - -1). What is the highest common factor of d and 3504?
48
Let s(y) = 111*y + 35. Let n be s(2). Let g = n + -225. Calculate the greatest common factor of g and 96.
32
Let b be 12/(-20) - -1 - ((-320298)/55 - -2). What is the highest common factor of 164 and b?
82
Let t = -134 - -84. Let c = -45 - t. Suppose 2*n = -c*o - 0*n + 56, -5*o + n + 62 = 0. Calculate the greatest common divisor of o and 30.
6
Let o(s) = s**2 - 29*s - 1440. Let z be o(64). Calculate the greatest common factor of 256 and z.
32
Let j = 10823 + -10763. Calculate the greatest common factor of 7710 and j.
30
Let w = 6738 - 5184. What is the highest common divisor of 28 and w?
14
Let d be ((-161)/3)/((-253)/18 - -14). Calculate the greatest common divisor of d and 126.
42
Suppose 306 = 4*l + 3*q, -88 = -l - q + 6*q. Let v = 159 + -129. What is the highest common divisor of l and v?
6
Let r(y) be the third derivative of y**6/60 - 11*y**5/60 - y**4/24 - 7*y**3 - y**2 - 31*y. Let z be r(8). Calculate the highest common divisor of z and 20.
10
Let q = -49 + 47. Let o be (-1)/q*((39 - 1) + -4). Suppose -o + 97 = c - 2*u, -344 = -4*c - 4*u. Calculate the highest common factor of 12 and c.
12
Let x = 25 - 23. Let w be x/(-2) + (4 - -3). Suppose -8 = -2*s - w*s. Calculate the highest common factor of 11 and s.
1
Let v = 102 + -108. Let s be (-9)/v*8/6. Calculate the highest common factor of 14 and s.
2
Let n(t) = 19*t - 312. Let h be n(18). Calculate the greatest common divisor of 63 and h.
3
Let h be (-3 - -194)/(2 + -1). Let r = -2127 + 2032. Let j = h + r. Calculate the highest common factor of j and 12.
12
Let j = 14464 +